{"id":5745,"date":"2014-11-19T08:48:55","date_gmt":"2014-11-19T06:48:55","guid":{"rendered":"http:\/\/www.cedronsenior.sk\/?page_id=5745"},"modified":"2024-04-19T09:18:56","modified_gmt":"2024-04-19T07:18:56","slug":"poskytovane-socialne-sluzby","status":"publish","type":"page","link":"https:\/\/www.cedronsenior.sk\/?page_id=5745","title":{"rendered":"SOCI\u00c1LNE SLU\u017dBY"},"content":{"rendered":"<p style=\"text-align: justify;\">V zariaden\u00ed soci\u00e1lnych slu\u017eieb poskytujeme slu\u017eby fyzick\u00fdm osob\u00e1m, ktor\u00e9 dov\u0155\u0161ili d\u00f4chodkov\u00fd vek a s\u00fa odk\u00e1zan\u00e9 na pomoc inej fyzickej osoby a ich stupe\u0148 odk\u00e1zanosti je najmenej IV pod\u013ea pr\u00edlohy \u010d. 3 Z\u00e1kona o soci\u00e1lnych slu\u017eb\u00e1ch \u010d. 448\/2008 Z.z. a fyzick\u00fdm osob\u00e1m, ktor\u00e9 dov\u0155\u0161ili d\u00f4chodkov\u00fd vek a poskytovanie soci\u00e1lnej slu\u017eby v tomto zariaden\u00ed potrebuj\u00fa z in\u00fdch v\u00e1\u017enych d\u00f4vodov.<\/p>\n<p>V zariaden\u00ed soci\u00e1lnych slu\u017eieb poskytujeme na\u0161im klientom:<\/p>\n<ul>\n<li>pomoc pri odk\u00e1zanosti na pomoc inej fyzickej osoby,<\/li>\n<li>soci\u00e1lne poradenstvo<\/li>\n<li>soci\u00e1lna rehabilit\u00e1cia<\/li>\n<li>ubytovanie<\/li>\n<li>stravovanie<\/li>\n<li>upratovanie, pranie, \u017eehlenie a \u00fadr\u017eba bielizne a \u0161atstva<\/li>\n<li>osobn\u00e9 vybavenie<\/li>\n<li>\u00faschovu cenn\u00fdch vec\u00ed<\/li>\n<li>zabezpe\u010dujeme z\u00e1ujmov\u00fa \u010dinnos\u0165<\/li>\n<\/ul>\n<p style=\"text-align: justify;\">\n","protected":false},"excerpt":{"rendered":"<p>V zariaden\u00ed soci\u00e1lnych slu\u017eieb poskytujeme slu\u017eby fyzick\u00fdm osob\u00e1m, ktor\u00e9 dov\u0155\u0161ili d\u00f4chodkov\u00fd vek a s\u00fa odk\u00e1zan\u00e9 na pomoc inej fyzickej osoby a ich stupe\u0148 odk\u00e1zanosti je najmenej IV pod\u013ea pr\u00edlohy \u010d. 3 Z\u00e1kona o soci\u00e1lnych slu\u017eb\u00e1ch \u010d. 448\/2008 Z.z. a fyzick\u00fdm osob\u00e1m, ktor\u00e9 dov\u0155\u0161ili d\u00f4chodkov\u00fd vek a poskytovanie soci\u00e1lnej slu\u017eby v tomto zariaden\u00ed potrebuj\u00fa z in\u00fdch [&hellip;]<\/p>\n","protected":false},"author":1,"featured_media":0,"parent":0,"menu_order":0,"comment_status":"open","ping_status":"closed","template":"","meta":{"footnotes":""},"_links":{"self":[{"href":"https:\/\/www.cedronsenior.sk\/index.php?rest_route=\/wp\/v2\/pages\/5745"}],"collection":[{"href":"https:\/\/www.cedronsenior.sk\/index.php?rest_route=\/wp\/v2\/pages"}],"about":[{"href":"https:\/\/www.cedronsenior.sk\/index.php?rest_route=\/wp\/v2\/types\/page"}],"author":[{"embeddable":true,"href":"https:\/\/www.cedronsenior.sk\/index.php?rest_route=\/wp\/v2\/users\/1"}],"replies":[{"embeddable":true,"href":"https:\/\/www.cedronsenior.sk\/index.php?rest_route=%2Fwp%2Fv2%2Fcomments&post=5745"}],"version-history":[{"count":7,"href":"https:\/\/www.cedronsenior.sk\/index.php?rest_route=\/wp\/v2\/pages\/5745\/revisions"}],"predecessor-version":[{"id":9201,"href":"https:\/\/www.cedronsenior.sk\/index.php?rest_route=\/wp\/v2\/pages\/5745\/revisions\/9201"}],"wp:attachment":[{"href":"https:\/\/www.cedronsenior.sk\/index.php?rest_route=%2Fwp%2Fv2%2Fmedia&parent=5745"}],"curies":[{"name":"wp","href":"https:\/\/api.w.org\/{rel}","templated":true}]}}